 Suppose -3*v = -x*v + 30. Let n(p) = -4*p - 3. Calculate the remainder when n(-5) is divided by v.
5
Let p be (-6)/9 + 26/3. Let o(s) = 2*s**2 - 10*s - 10. What is the remainder when o(p) is divided by 13?
12
Let t = 47 - 25. What is the remainder when 43 is divided by t?
21
Suppose 61 = 3*p + 1. Calculate the remainder when 40 is divided by ((-56)/p)/((-1)/5).
12
Suppose 0 = o - 11 - 2. Let i = 61 - 257. What is the remainder when i/(-8) - 1/(-2) is divided by o?
12
Suppose 2*p - 15 + 11 = 0. Calculate the remainder when 4 is divided by p.
0
Let c = -25 - -14. Let u = 3 - c. Let k = -41 - -68. Calculate the remainder when k is divided by u.
13
Let w(a) = 5*a + 0 + 3 - 2. Let h be w(1). What is the remainder when 16 is divided by 3*(-3)/(-6)*h?
7
Let z(u) = u**2 + 2 + 8*u - 1 + 4. Let a be z(-10). Suppose k + h - 3 = -k, 5*h + a = 0. What is the remainder when k is divided by 3?
1
Suppose 0 = 3*u + 2*m - 74, 84 + 39 = 5*u + 3*m. What is the remainder when u is divided by 17/3 + (-2)/3?
4
Calculate the remainder when 54 - -2 - (2 + -4 + -2) is divided by 3.
0
Suppose -3*i + 66 - 27 = 5*g, 2*i = -g + 19. Suppose -4*j + j + 28 = p, 2*p = 5*j - 32. Let h = -3 + j. Calculate the remainder when i is divided by h.
3
Let o = -36 - -159. Calculate the remainder when o is divided by 18.
15
Suppose 0 = 2*z - 7*z + 15. Suppose -z*u + 13 = k, -3*k = u - 4 - 3. Let x(s) = s**2 + 2*s - 5. Calculate the remainder when 73 is divided by x(u).
16
Calculate the remainder when 157 is divided by (40/(-6))/(4/(-24)).
37
Suppose -26 = -4*p + 38. Let j(r) = -r**3 - 9*r**2 - 4*r - 5. What is the remainder when j(-9) is divided by p?
15
Let d = -20 - -62. Calculate the remainder when d is divided by 22.
20
Let s = -5 - -47. Let c be 6/(-1)*s/(-12). Let x = c + 0. Calculate the remainder when 62 is divided by x.
20
Let i(u) = 2*u**2 + 8*u + 3. Let b(q) = 31*q**3 - q + 1. What is the remainder when i(-10) is divided by b(1)?
30
Suppose 3 + 12 = -5*l, -3*q + l + 30 = 0. Let r(g) = -2 + 4 + 0 + q*g - g. What is the remainder when r(7) is divided by 20?
18
Suppose 0 = 2*z - 13 - 39. Calculate the remainder when 123 is divided by z.
19
Suppose -18 = 12*t - 13*t. What is the remainder when 88 is divided by t?
16
Let z = -5 + 18. What is the remainder when 61 is divided by z?
9
Suppose -3*z - z = 4. What is the remainder when (z - 1)/(12/(-438)) is divided by 25?
23
Let l(i) = i**3 - 25*i**2 + 49*i + 28. Calculate the remainder when l(23) is divided by 22.
9
Let s(m) = 3*m + 1. Let w be s(1). Suppose w*i = i + 6. What is the remainder when 3 is divided by i?
1
Suppose -85 = -5*p + 65. What is the remainder when 108 is divided by p?
18
Let w = -65 + 195. What is the remainder when w is divided by 33?
31
Let r(a) = 3*a + 1. Let i be r(-2). Let n(b) = -b**3 - 3*b**2 - 3*b - 6. What is the remainder when n(i) is divided by 15?
14
Let j = 51 - -19. What is the remainder when j is divided by 18?
16
Let d be 1*-12*(-2 - 3). Suppose 0*w = -4*w + d. Calculate the remainder when 57 is divided by w.
12
Let s(v) = v**3 - v**2 - v + 16. Let m(y) = y**2 + 6*y - 7. Let w be -1*(-1 + -1 - -9). Let i be m(w). Calculate the remainder when s(i) is divided by 6.
4
Let z be -1 - (-2)/(-2) - -10. Suppose -74 = -2*n - 4*y, -4*n - z*y + 3*y + 145 = 0. Let k(r) = r**2 + 12. What is the remainder when n is divided by k(0)?
11
Let w = 9 + -7. Suppose 0 = c - w*c + 3*o + 1, 25 = 5*o. Let z = 14 + -8. What is the remainder when c is divided by z?
4
Suppose 0 = 3*f - 3 - 3. Suppose f*h - 7*h = -25. Suppose -4*m = h*s - 44, -5*s - 44 = -0*m - 4*m. Calculate the remainder when 20 is divided by m.
9
Suppose 0*a - 3*a + 60 = 0. Calculate the remainder when (4 - -34) + 2/2 is divided by a.
19
Let i = 21 - 12. Calculate the remainder when 13 is divided by i.
4
Suppose 4*o = 3*o + 6. What is the remainder when o is divided by 2?
0
Suppose -w + 19 = 2*o, 5*w + 0*w = -2*o + 63. Suppose 5*x - 88 = 17. What is the remainder when x is divided by w?
10
Let a(o) = -o**2 - 12*o - 22. Calculate the remainder when 49 is divided by a(-8).
9
Let r be -1 + 6/(-3) + 6. Suppose -3*y - 22 - 5 = -5*z, r*z = -4*y - 7. Calculate the remainder when 32 is divided by (2/y)/(1/(-22)).
10
Suppose 156 - 10 = 2*g. What is the remainder when g is divided by 4*(-7 - (-94)/8)?
16
Let g be 2*22 - (-2)/(-2). Let p = -30 + 52. Suppose -g = -5*v + p. Calculate the remainder when 25 is divided by v.
12
Suppose 5*c - 6 = -3*j, c - 4*j + 8 = -2*c. Suppose c*q - 2 = -q. Calculate the remainder when q - (2 - 22 - 0) is divided by 12.
10
Let q be 14/3 - (-1)/3. Let u be 40/q*(-1)/(-2). Let s(p) = 2*p**2 - 6*p + 5. Calculate the remainder when 38 is divided by s(u).
12
Calculate the remainder when 47 is divided by -1 + 4/20 + (-89)/(-5).
13
Let z = 46 + -21. Calculate the remainder when z is divided by 7.
4
Calculate the remainder when 70 is divided by 76*(20/8 - 2) - 0.
32
Calculate the remainder when (-932)/(-44) - (-4)/(-22) is divided by 11.
10
Let y be (-2 - (6 - 4)) + 9. Suppose 0 = 3*o - 2*w - 28, -2*o = 2*o + y*w - 22. Calculate the remainder when 31 is divided by o.
7
Suppose 5*m - 67 = 2*u - 4*u, 0 = -5*u - 2*m + 115. What is the remainder when 146 is divided by u?
20
Let b(x) = -x + 6. Calculate the remainder when 54 is divided by b(-9).
9
Let s = 1 - -58. Calculate the remainder when s is divided by 10.
9
Let r = 62 - 39. Calculate the remainder when r is divided by 8.
7
Suppose 0 = -5*q + 162 - 17. Suppose -5*u + 22 = -b - q, 2*b + 32 = 3*u. What is the remainder when u is divided by 6?
4
Let u(d) = d**3 - 11*d**2 + 9*d + 13. Suppose 0 = 3*y - 15, -30 = -5*j + y + 2*y. What is the remainder when j is divided by u(10)?
0
Suppose -2*z + 7 = -9. Let p(f) = 5*f - 10. What is the remainder when p(z) is divided by 11?
8
Let u(f) = f**3 + 10*f**2 + 5*f - 16. What is the remainder when 27 is divided by u(-9)?
7
Let g = 0 - -75. Calculate the remainder when g is divided by 20.
15
Suppose 18 = 6*l - 3*l. Let j = 10 - l. What is the remainder when 7 is divided by j?
3
Let l(r) = -r**3 - 10*r**2 - 3*r + 8. Let t be l(-9). Let j = -30 - t. What is the remainder when 62 is divided by j?
14
Let t(u) = -3*u - 4. Let b be t(7). Let h be (b/(-3))/((-5)/15). Let j = 4 - h. What is the remainder when j is divided by 10?
9
Let g = 108 - 40. Suppose 370 - 5 = 5*f. Suppose 19 = 4*r - f. Calculate the remainder when g is divided by r.
22
Let u(g) = -g**3 + 8*g**2 - 8*g + 10. Let y be u(7). Suppose y*b + b - 44 = 0. Let w = -14 + 20. What is the remainder when b is divided by w?
5
Let w(k) = 4*k**3 - k**2 + k + 2. Let c be w(2). Let y = c + -17. What is the remainder when y is divided by 8?
7
Suppose -2*g + 2*k + 14 - 36 = 0, 5*g - k = -59. Let q = g - -20. Calculate the remainder when 31 is divided by q.
7
Let h be ((-6)/(-8))/1*-4. Let r be 4/(-2 - 4/h). What is the remainder when ((-92)/r)/(12/18) is divided by 12?
11
Suppose -5*i = -4*c - 187, 3*i - 99 - 16 = c. Calculate the remainder when i is divided by 24.
15
Let y = 5 + 1. What is the remainder when 9 + 1 + 0*(2 - 3) is divided by y?
4
Suppose 7*r - 3*r - 16 = 0, 5*r = -3*b + 80. Let z(g) = 10*g - 2. What is the remainder when z(4) is divided by b?
18
Let f(i) = -i**2 + 16*i - 27. Suppose -4*d = 12 - 56. What is the remainder when f(12) is divided by d?
10
Suppose 5 - 23 = 3*u. Let a be u - (3 + -4 - 0). What is the remainder when 27 is divided by ((-2)/a)/((-4)/(-140))?
13
Suppose -21*a = -34*a + 3458. Calculate the remainder when a is divided by 45.
41
Let o(m) = 2*m + 3 - 4 + 5 - 7. Let w be o(4). Suppose 0 = -2*u + w*i - 8, 2*u - 3*i + 2 = -i. Calculate the remainder when 1 is divided by u.
0
Let b(g) = g**2 + 4*g + 3. Let j = 22 - 57. Let i = j - -81. Calculate the remainder when i is divided by b(-7).
22
Let a = 3 + -1. Suppose -20 = -w - 3*w, 5*u - 30 = -a*w. Suppose -u*j + 12 = -0*j. What is the remainder when 8 is divided by j?
2
Calculate the remainder when 10955/210 + 10/12 is divided by 20 + 2/(-2 - 0).
15
Suppose -41 = -6*n + 13. Suppose -3*x + 31 + 47 = 0. Calculate the remainder when x is divided by n.
8
Suppose 34 = -7*q + 9*q. Calculate the remainder when 83 is divided by q.
15
Let w(h) = 3*h - 35. What is the remainder when 90 is divided by w(17)?
10
What is the remainder when 38 is